{"batchcomplete":"","continue":{"lecontinue":"20241211104522|76105","continue":"-||"},"query":{"logevents":[{"logid":76115,"ns":0,"title":"Pi\u0142ka No\u017cna Klasa A 1969/1970 grupa II Krak\u00f3w","pageid":25769,"logpage":25769,"params":{},"type":"create","action":"create","user":"Kronikarz","timestamp":"2025-10-11T01:36:23Z","comment":"Utworzenie has\u0142a"},{"logid":76114,"ns":0,"title":"Pi\u0142ka No\u017cna Klasa A 1969/1970 grupa I Krak\u00f3w","pageid":25768,"logpage":25768,"params":{},"type":"create","action":"create","user":"Kronikarz","timestamp":"2025-10-11T01:26:08Z","comment":"Utworzenie has\u0142a"},{"logid":76113,"ns":0,"title":"Strza\u0142a Sosnowiec","pageid":25767,"logpage":25767,"params":{},"type":"create","action":"create","user":"Kronikarz","timestamp":"2025-09-01T06:22:05Z","comment":"Utworzenie has\u0142a"},{"logid":76112,"ns":0,"title":"Bazyli Martysz","pageid":25766,"logpage":25766,"params":{},"type":"create","action":"create","user":"Micha\u0142 Kusiak","timestamp":"2025-07-08T19:57:08Z","comment":"Utworzono now\u0105 stron\u0119 \" <code><nowiki>'''</nowiki>Ks. Bazyli Martysz (1874\u20131945)<nowiki>'''</nowiki> \u2013 <nowiki>'''</nowiki>\u015bwi\u0119ty kap\u0142an-m\u0119czennik<nowiki>'''</nowiki> Polskiego Autokefalicznego Ko\u015bcio\u0142a Prawos\u0142awnego, proboszcz parafii prawos\u0142awnej w Sosnowcu, naczelny kapelan wyznania prawos\u0142awnego w Wojsku Polskim.    <nowiki>== \u017byciorys ==</nowiki>    <nowiki>=== Wczesne lata i dzia\u0142alno\u015b\u0107 misyjna ===</nowiki>  Bazyli Martysz urodzi\u0142 si\u0119 w <nowiki>'''</nowiki>1874 r\u2026\""},{"logid":76111,"ns":0,"title":"Sanktuarium Matki Bo\u017cej Anielskiej w D\u0105browie G\u00f3rniczej","pageid":25765,"logpage":25765,"params":{},"type":"create","action":"create","user":"Micha\u0142 Kusiak","timestamp":"2025-07-08T19:30:25Z","comment":"Utworzono now\u0105 stron\u0119 \"{{Parafia infobox  |nazwa                   = Sanktuarium Naj\u015bwi\u0119tszej Maryi Panny Anielskiej w D\u0105browie G\u00f3rniczej  |nazwa miejscowa         = [[Bazylika Naj\u015bwi\u0119tszej Maryi Panny Anielskiej w D\u0105browie G\u00f3rniczej]]  |kod j\u0119zyka              =   |grafika                 = D\u0105browa G\u00f3rnicza Bazylika NMP Anielskiej 1.jpg  |podpis grafiki          = Sanktuarium NMP Anielskiej w D\u0105browie G\u00f3rniczej  |siedziba                = [[D\u0105browa G\u00f3rnicza]]  |adres\u2026\""},{"logid":76110,"ns":0,"title":"W\u0142odzimierz Diebi","pageid":25764,"logpage":25764,"params":{},"type":"create","action":"create","user":"Micha\u0142 Kusiak","timestamp":"2025-07-08T07:20:14Z","comment":"Utworzono now\u0105 stron\u0119 \"'''W\u0142odzimierz Paw\u0142owicz Diebil''' (ros. \u0412\u043b\u0430\u0434\u0438\u043c\u0438\u0440 \u041f\u0430\u0432\u043b\u043e\u0432\u0438\u0447 \u0414\u0435\u0431\u0438\u043b\u044c) \u2013 znacz\u0105ca posta\u0107 w historii prawos\u0142awia w [[Sosnowiec|Sosnowcu]], inicjator i g\u0142\u00f3wny motor budowy [[Cerkiew prawos\u0142awna p.w. \u015bww. Wiery, Nadziei, Luby i matki ich Zofii w Sosnowcu|cerkwi \u015awi\u0119tych M\u0119czennic Wiery, Nadziei, Luby i Matki ich Zofii]] pod koniec XIX wieku. ==\u017bycie i dzia\u0142alno\u015b\u0107== W\u0142odzimierz Diebil pe\u0142ni\u0142 funkcj\u0119 naczelnika Urz\u0105d Celny|Urz\u2026\""},{"logid":76109,"ns":0,"title":"Ignacy Boreszko","pageid":0,"logpage":3519,"params":{},"type":"delete","action":"delete","user":"Micha\u0142 Kusiak","timestamp":"2025-07-08T05:52:11Z","comment":"tre\u015b\u0107: \u201e{{Biogram infobox |imi\u0119 i nazwisko = Ignacy Boreszko |pseudonim = |grafika =OSOBA.png |opis grafiki =Ignacy Boreszko |podpis = |data urodzenia = [[6 stycznia]] [[1882]] r. |miejsce urodzenia = [[B\u0119dzin]] |imi\u0119 przy narodzeniu = |data \u015bmierci = [[6 stycznia]] [[1938]] r. |miejsce \u015bmierci = |przyczyna \u015bmierci = |miejsce spoczynku = [[B\u0119dzin]] |zaw\u00f3d = in\u017cynier elektryk |odznaczenia = Z\u0142oty Krzy\u017c Zas\u0142ugi, Z\u0142oty Krzy\u017c Federacji Zwi\u0105zk\u00f3w Polskich Obro\u0144c\u00f3w Ojczyzny\u2026\u201d"},{"logid":76108,"ns":0,"title":"Mateusz Bochenek","pageid":25763,"logpage":25763,"params":{},"type":"create","action":"create","user":"Micha\u0142 Kusiak","timestamp":"2025-07-07T15:56:26Z","comment":"Utworzono now\u0105 stron\u0119 \"{{Biogram infobox |imi\u0119 i nazwisko ='''Mateusz Bochenek''' |grafika = Mateusz_Bochenek.jpg |opis grafiki =\u00a0 |data urodzenia =[[4 pa\u017adziernika]] [[1993]] |miejsce urodzenia = [[Jaworzno]] |zaw\u00f3d = polityk |partia = [[Koalicja Obywatelska]] ([[Platforma Obywatelska RP|PO]]) |www = }} '''Mateusz Bochenek''' (ur. [[4 pa\u017adziernika]] [[1993]] r. w [[Jaworzno|Jaworznie]]) to polski polityk, pose\u0142 na Sejm IX i X kadencji.  --- ==Edukacja== Mateusz Bochenek jest absol\u2026\""},{"logid":76107,"ns":0,"title":"Pi\u0142ka No\u017cna Klasa A 1959 grupa III Krak\u00f3w","pageid":25762,"logpage":25762,"params":{},"type":"create","action":"create","user":"Kronikarz","timestamp":"2024-12-11T10:49:48Z","comment":"Utworzenie has\u0142a"},{"logid":76106,"ns":6,"title":"Plik:Fabryka Ceramiki J\u00f3zef\u00f3w 4.jpg","pageid":25761,"logpage":25761,"params":{},"type":"create","action":"create","user":"Dariusz JUREK","timestamp":"2024-12-11T10:45:23Z","comment":"[[Zak\u0142ady Ceramiczne \"J\u00f3zef\u00f3w\" (Czelad\u017a)]] - Cennik 04"}]}}

Piłka Nożna Klasa A 1969/1970 grupa II Kraków

Utworzenie hasła

Piłka Nożna Klasa A 1969/1970 grupa I Kraków

Strzała Sosnowiec

Michał Kusiak

Utworzono nową stronę " <code><nowiki>'''</nowiki>Ks. Bazyli Martysz (1874–1945)<nowiki>'''</nowiki> – <nowiki>'''</nowiki>święty kapłan-męczennik<nowiki>'''</nowiki> Polskiego Autokefalicznego Kościoła Prawosławnego, proboszcz parafii prawosławnej w Sosnowcu, naczelny kapelan wyznania prawosławnego w Wojsku Polskim.    <nowiki>== Życiorys ==</nowiki>    <nowiki>=== Wczesne lata i działalność misyjna ===</nowiki>  Bazyli Martysz urodził się w <nowiki>'''</nowiki>1874 r…"

Sanktuarium Matki Bożej Anielskiej w Dąbrowie Górniczej

Utworzono nową stronę "{{Parafia infobox  |nazwa                   = Sanktuarium Najświętszej Maryi Panny Anielskiej w Dąbrowie Górniczej  |nazwa miejscowa         = [[Bazylika Najświętszej Maryi Panny Anielskiej w Dąbrowie Górniczej]]  |kod języka              =   |grafika                 = Dąbrowa Górnicza Bazylika NMP Anielskiej 1.jpg  |podpis grafiki          = Sanktuarium NMP Anielskiej w Dąbrowie Górniczej  |siedziba                = [[Dąbrowa Górnicza]]  |adres…"

Włodzimierz Diebi

Utworzono nową stronę "'''Włodzimierz Pawłowicz Diebil''' (ros. Владимир Павлович Дебиль) – znacząca postać w historii prawosławia w [[Sosnowiec|Sosnowcu]], inicjator i główny motor budowy [[Cerkiew prawosławna p.w. śww. Wiery, Nadziei, Luby i matki ich Zofii w Sosnowcu|cerkwi Świętych Męczennic Wiery, Nadziei, Luby i Matki ich Zofii]] pod koniec XIX wieku. ==Życie i działalność== Włodzimierz Diebil pełnił funkcję naczelnika Urząd Celny|Urz…"

treść: „{{Biogram infobox |imię i nazwisko = Ignacy Boreszko |pseudonim = |grafika =OSOBA.png |opis grafiki =Ignacy Boreszko |podpis = |data urodzenia = [[6 stycznia]] [[1882]] r. |miejsce urodzenia = [[Będzin]] |imię przy narodzeniu = |data śmierci = [[6 stycznia]] [[1938]] r. |miejsce śmierci = |przyczyna śmierci = |miejsce spoczynku = [[Będzin]] |zawód = inżynier elektryk |odznaczenia = Złoty Krzyż Zasługi, Złoty Krzyż Federacji Związków Polskich Obrońców Ojczyzny…”

Utworzono nową stronę "{{Biogram infobox |imię i nazwisko ='''Mateusz Bochenek''' |grafika = Mateusz_Bochenek.jpg |opis grafiki =  |data urodzenia =[[4 października]] [[1993]] |miejsce urodzenia = [[Jaworzno]] |zawód = polityk |partia = [[Koalicja Obywatelska]] ([[Platforma Obywatelska RP|PO]]) |www = }} '''Mateusz Bochenek''' (ur. [[4 października]] [[1993]] r. w [[Jaworzno|Jaworznie]]) to polski polityk, poseł na Sejm IX i X kadencji.  --- ==Edukacja== Mateusz Bochenek jest absol…"

Piłka Nożna Klasa A 1959 grupa III Kraków

Plik:Fabryka Ceramiki Józefów 4.jpg

[[Zakłady Ceramiczne "Józefów" (Czeladź)]] - Cennik 04
